688 is divided by 400.
88
What is the remainder when 713484 is divided by 72?
36
Calculate the remainder when 224255 is divided by 32022.
101
Calculate the remainder when 1310821 is divided by 261.
79
Calculate the remainder when 60888 is divided by 15167.
220
What is the remainder when 1706958 is divided by 12?
6
What is the remainder when 44970805 is divided by 4776?
4765
What is the remainder when 12893373 is divided by 43?
38
Calculate the remainder when 9967564 is divided by 321534.
10
What is the remainder when 8104266 is divided by 161?
9
Calculate the remainder when 93932478 is divided by 3913853.
6
Calculate the remainder when 10886929 is divided by 5443444.
41
What is the remainder when 36588 is divided by 18?
12
Calculate the remainder when 1454124 is divided by 1454100.
24
What is the remainder when 4230958 is divided by 2115476?
6
Calculate the remainder when 137501 is divided by 34132.
973
Calculate the remainder when 1232507 is divided by 27.
11
What is the remainder when 305905 is divided by 305405?
500
Calculate the remainder when 265142 is divided by 7166.
0
What is the remainder when 918079 is divided by 1505?
29
What is the remainder when 1898848 is divided by 277?
13
Calculate the remainder when 7555006 is divided by 175697.
35
Calculate the remainder when 4906313 is divided by 69.
68
What is the remainder when 95877 is divided by 71?
27
Calculate the remainder when 71837 is divided by 1950.
1637
What is the remainder when 5661496 is divided by 1109?
51
What is the remainder when 1513947 is divided by 151393?
17
What is the remainder when 443362 is divided by 40297?
95
What is the remainder when 616520 is divided by 1349?
27
What is the remainder when 1144412 is divided by 1909?
921
What is the remainder when 4042858 is divided by 2202?
2188
What is the remainder when 20959025 is divided by 5239750?
25
What is the remainder when 591678 is divided by 295231?
1216
Calculate the remainder when 20487393 is divided by 2926765.
38
Calculate the remainder when 7499756 is divided by 624975.
56
Calculate the remainder when 1019317 is divided by 8627.
1331
Calculate the remainder when 13278398 is divided by 3277.
3271
What is the remainder when 4999129 is divided by 44?
25
What is the remainder when 30404 is divided by 5916?
824
Calculate the remainder when 22095676 is divided by 806.
798
What is the remainder when 31253628 is divided by 2001?
9
Calculate the remainder when 1070423 is divided by 178402.
11
What is the remainder when 1494509 is divided by 594?
5
Calculate the remainder when 955626 is divided by 103.
95
Calculate the remainder when 21565 is divided by 6946.
727
What is the remainder when 223296222 is divided by 992?
990
What is the remainder when 257805141 is divided by 53?
50
What is the remainder when 1768729 is divided by 36093?
172
Calculate the remainder when 27767155 is divided by 11.
9
Calculate the remainder when 1824248 is divided by 1985.
33
What is the remainder when 2123821 is divided by 2430?
1
Calculate the remainder when 44436773 is divided by 349.
348
What is the remainder when 40847848 is divided by 55051?
6
Calculate the remainder when 715944 is divided by 1336.
1184
Calculate the remainder when 571166 is divided by 238.
204
What is the remainder when 172718 is divided by 4476?
2630
Calculate the remainder when 9618924 is divided by 193.
190
Calculate the remainder when 194367986 is divided by 6171.
6170
What is the remainder when 144031 is divided by 1711?
307
Calculate the remainder when 488571 is divided by 10817.
1806
Calculate the remainder when 586471 is divided by 2036.
103
Calculate the remainder when 2113126780 is divided by 13.
11
What is the remainder when 193755 is divided by 5468?
2375
What is the remainder when 179649913 is divided by 334?
331
Calculate the remainder when 870591 is divided by 15530.
911
What is the remainder when 63789252 is divided by 15947309?
16
Calculate the remainder when 164505 is divided by 41120.
25
What is the remainder when 30002 is divided by 14893?
216
What is the remainder when 9484669 is divided by 4?
1
Calculate the remainder when 541898 is divided by 129.
98
Calculate the remainder when 4414174 is divided by 40126.
314
What is the remainder when 2618693 is divided by 117?
116
What is the remainder when 531857 is divided by 484?
425
What is the remainder when 8363965 is divided by 4181976?
13
Calculate the remainder when 1780783 is divided by 2054.
2019
Calculate the remainder when 2462 is divided by 1721.
741
What is the remainder when 23983055 is divided by 141?
83
What is the remainder when 1778591 is divided by 370?
1
What is the remainder when 45640046 is divided by 13?
10
Calculate the remainder when 1773681 is divided by 1239.
672
What is the remainder when 336904 is divided by 168442?
20
Calculate the remainder when 9009237 is divided by 187692.
21
Calculate the remainder when 473371 is divided by 472887.
484
What is the remainder when 15788413 is divided by 448?
445
What is the remainder when 75095 is divided by 53?
47
Calculate the remainder when 1967682 is divided by 34495.
1467
What is the remainder when 45227299 is divided by 807630?
19
What is the remainder when 4744266 is divided by 134?
130
What is the remainder when 85778 is divided by 35?
28
What is the remainder when 9176035 is divided by 141?
37
What is the remainder when 1101683 is divided by 382?
377
What is the remainder when 1602310504 is divided by 1774?
1772
What is the remainder when 310334 is divided by 195?
89
Calculate the remainder when 13634400 is divided by 2.
0
What is the remainder when 1970291 is divided by 76?
67
What is the remainder when 58201384 is divided by 14550334?
48
What is the remainder when 40447316 is divided by 49?
21
Calculate the remainder when 842490 is divided by 1889.
1885
Calculate the remainder when 1223574 is divided by 305892.
6
What is the remainder when 1732275 is divided by 78735?
105
Calculate the remainder when 212417 is divided by 42462.
107
What is the remainder when 368589032 is divided by 52?
32
What is the remainder when 49709565 is divided by 2734?
2711
Calculate the remainder when 2613947 is divided by 2466.
2453
Calculate the remainder when 5763544 is divided by 137227.
10
Calculate the remainder when 238320 is divided by 8491.
572
What is the remainder when 2188135 is divided by 42079?
27
What is the remainder when 200938 is divided by 5282?
222
What is the remainder when 3879746 is divided by 2293?
2283
What is the remainder when 131902 is divided by 43658?
928
Calculate the remainder when 23012 is divided by 3824.
68
What is the remainder when 1242284 is divided by 310567?
16
What is the remainder when 306451 is divided by 3090?
541
Calculate the remainder when 20153306 is divided by 455.
446
What is the remainder when 3360284 is divided by 621?
53
Calculate the remainder when 205801 is divided by 502.
483
What is the remainder when 75445239 is divided by 20?
19
Calculate the remainder when 180743 is divided by 14714.
4175
What is the remainder when 649273 is divided by 1002?
979
What is the remainder when 17135401 is divided by 433?
292
What is the remainder when 162865 is divided by 23238?
199
Calculate the remainder when 366021 is divided by 826.
103
What is the remainder when 481182 is divided by 171?
159
Calculate the remainder when 422426 is divided by 6920.
306
Calculate the remainder when 124669904 is divided by 158.
4
Calculate the remainder when 18108 is divided by 3498.
618
What is the remainder when 33822 is divided by 1903?
1471
What is the remainder when 4912487 is divided by 567?
566
What is the remainder when 17477586 is divided by 19528?
26
What is the remainder when 308584 is divided by 44074?
66
Calculate the remainder when 2982026 is divided by 226.
182
Calculate the remainder when 627225 is divided by 1252.
1225
Calculate the remainder when 260430 is divided by 64946.
646
Calculate the remainder when 3993498 is divided by 2441.
22
Calculate the remainder when 72722589 is divided by 18.
15
What is the remainder when 170628 is divided by 11851?
4714
What is the remainder when 6859857 is divided by 1186?
33
What is the remainder when 12278502 is divided by 422?
412
What is the remainder when 86316 is divided 